. What is the tens digit of u(z)?
4
Let b(d) = 209*d**3 + d**2 - 3*d - 1. What is the hundreds digit of b(2)?
6
Let x(o) = 73*o + 10. What is the tens digit of x(1)?
8
Let z be (-20)/(-6) - (-2)/(-6). Suppose -z*s + 156 = 2*f, -3*s - f = -s - 103. Suppose -4*d = -42 - s. What is the units digit of d?
3
Let z = -818 + 574. Let o = z - -366. What is the units digit of o?
2
Let p(x) = -x**3 + 10*x**2 + 12*x - 19. Suppose 0*s - 144 = -16*s. What is the hundreds digit of p(s)?
1
Suppose -508 = -0*a - 4*a. Let w = a + -87. What is the units digit of w?
0
Let k = 1394 + 1180. What is the units digit of k?
4
Let g(l) = l**3 + 6*l**2 + 5. Let c be g(-6). Suppose 0 + 5 = c*u. What is the tens digit of u/3*(-60)/(-2)?
1
What is the tens digit of (2 - -8)/(-3 + 124/40)?
0
Suppose -o = 3*u - 9, 2*o + 10 = -5*u + 30. Let i be ((-21)/15)/((-3)/o). What is the units digit of (3 - 2)/(i/133)?
9
Let n(d) = d - 13. Let h be n(9). What is the units digit of -4*3/h + 32?
5
Suppose 0 = 5*z + 85*f - 81*f - 16034, -2*f - 6428 = -2*z. What is the thousands digit of z?
3
Let d(v) = v**3 + 2*v**2 - 243. Let h be d(0). Let r = 363 + h. What is the tens digit of r?
2
Suppose -714*a + 720*a = 14994. What is the thousands digit of a?
2
Suppose 0*o = -o + 13. Suppose -o*m + 9*m = -744. Suppose -u + 0 - 2 = 0, -4*r + u + m = 0. What is the tens digit of r?
4
Let j = 13 - 6. Let n = 14 - j. Let r = 1 + n. What is the units digit of r?
8
Let l be (-2)/(-3 - -2) - -3. Suppose -l*i - 55 = 4*m, 2*i - 42 = 3*m + 6*i. What is the tens digit of (5/m)/(1/(-22))?
1
Let m = 2565 - 1651. What is the tens digit of m?
1
Suppose 5*o = 4*g - 930, -4*g + 1058 - 122 = -2*o. What is the tens digit of g?
3
Suppose 0 = 59*c + 7*c - 360030. What is the units digit of c?
5
Let g = -129 + 133. Suppose -3*j = 5*b - 796, 141 = 5*j + g*b - 1164. What is the units digit of j?
7
Let v = 6 - 4. What is the tens digit of 828/16 + -2*v/(-16)?
5
Suppose -13*h - 1780 = -17*h. Suppose 6 = 2*o, h = 5*t - 2*o - 244. What is the hundreds digit of t?
1
Let l(u) be the first derivative of -6*u**2 + 23*u - 7. What is the tens digit of l(-9)?
3
Suppose -35 = -2*d + 223. Let r = 315 - d. What is the hundreds digit of r?
1
Let u be 10/35 + (-120)/(-21). Let o = u - 6. Suppose o = 5*q + 5*z - 185, 0 = 4*q - 3*q - z - 39. What is the tens digit of q?
3
Let m = 913 - 295. What is the tens digit of m?
1
Suppose 0 = 4*d - m - 54, -3*m = -2*d - 2*d + 50. Let p = d + -18. What is the units digit of (58/p)/((-4)/8)?
9
Let o = 796 + -655. What is the units digit of o?
1
Let n = -12 - -18. Let s be (-1)/(-4) - (-92)/16. Suppose g - s = n. What is the units digit of g?
2
Suppose 69*u = 129*u - 29700. What is the units digit of u?
5
Let y(s) = -625*s + 124. What is the tens digit of y(-5)?
4
Let s = 698 - 171. What is the units digit of s?
7
Let f(a) = -a**2 + 29*a - 9. What is the hundreds digit of f(6)?
1
Let x be -22 + 1/(1/4). Let v = x + 38. What is the tens digit of v?
2
Let l(n) = -n**3 - 3*n**2 + 9*n - 7. Let g be l(-7). Suppose -12*j + 13*j - 3 = 0. Suppose -s + j*s = g. What is the units digit of s?
3
Suppose 0 = v + 3*l - 831, 0*v - v + 830 = 2*l. What is the units digit of v?
8
Let o = -911 + 2415. What is the units digit of o?
4
Suppose -5 = -j - 0*j. Let w(x) = -x**2 + 5*x + 3. Let v be w(j). Suppose 0 = 2*g - g - 2*b - 25, 0 = -2*g + v*b + 49. What is the tens digit of g?
2
Let o be (-1)/(-2 + 1 + 2/4). Suppose 0 = -d + o*x + 13, -d - 4 + 13 = -x. What is the units digit of d?
5
Let v be (-25 - -1)*7/(-14). Suppose 5*b - 2*b - v = 0. What is the units digit of 8/b*2*1?
4
Let c be 0 + (1 - 3) - -4. What is the hundreds digit of (-6256)/(-21) + c/21?
2
Suppose f = -5*d + 60, 11 - 32 = -2*d - f. Suppose d*u = 11*u + 230. What is the hundreds digit of u?
1
Let b(k) = -k**2 + 10*k + 12. Let q(s) = -9. Let g(y) = -y - 1. Let h(v) = -6*g(v) + q(v). Let x be h(2). What is the units digit of b(x)?
1
Suppose 9*z - 549 = 5022. What is the hundreds digit of z?
6
What is the thousands digit of 33/3 - -1758 - -1?
1
Suppose -131*z + 85888 = -207552. What is the tens digit of z?
4
Let m(z) = -z**2 - 7*z + 11. Let s be m(-8). Let j = -20 - -25. Suppose -108 + s = -j*t. What is the units digit of t?
1
Let l = -90 + 52. Suppose -3*x + 276 = x. Let p = x + l. What is the tens digit of p?
3
Suppose -5*n + 1097 = -2*u, -5*u = 4*n - 918 + 47. What is the hundreds digit of n?
2
Suppose h = -3*j + 20, 6*j - j - 5 = 4*h. Suppose -j*r = -l + 71, 2*l - 16 = -4*r + 70. What is the units digit of l?
1
Let l = 595 + -412. Let m = l + -35. What is the tens digit of m?
4
Let o(r) = -r**2 + 5*r + 2. Let y be o(5). Suppose -y*j - j = -42. Suppose -g + 4*z = -0*g - 23, -2*g = 4*z + j. What is the units digit of g?
3
Let j(p) = -13*p - 34. Suppose -6*c + 64 = -10*c. What is the tens digit of j(c)?
7
Let o = 4 + 2. Suppose 7*y = o*y - 2. Let m = 5 - y. What is the units digit of m?
7
Let o = 6 - 4. What is the units digit of ((-42)/(-1) - 3) + o?
1
Suppose 0*t = -2*t + 8. Let w be (-29)/(-2*(-2)/t). Let s = 44 + w. What is the tens digit of s?
1
Let n = 12 + -11. Suppose 5*b + n = 2*m - 0, -m + 5*b = 7. Let d = m + -3. What is the units digit of d?
5
Suppose -5*u + 2*u + 180 = 0. Suppose 4*s = 9*s - u. Let z = s + -9. What is the units digit of z?
3
Suppose -82 - 46 = -3*t - 2*a, 0 = t + 2*a - 44. Suppose 2*w = -t + 10. What is the tens digit of (w + 17)/(1/34)?
3
Let z be -6*4/8 - 11. Let f = z - -15. What is the units digit of (-47)/(-1 + (1 - f))?
7
Suppose 2*t - 28 = -20. Suppose -b + 60 = a + b, -t*a = 4*b - 260. What is the units digit of a?
0
Suppose -4*a - 5 = 3. Let s be (-3 - 8/(-1))*a. Let u = 7 - s. What is the units digit of u?
7
Let w be (-1)/3 + (-28)/6. Let h = 1 + w. What is the tens digit of 27 + h - (2 - -1)?
2
Let j(f) = -f**3 - 6*f**2 - 4*f + 5. Let d be j(-5). Suppose d = 13*b - 16*b + 72. What is the tens digit of b?
2
What is the thousands digit of 406335/165 - (-8)/22?
2
Suppose -77 = 2*k + 17. Suppose u - 2*u - 4*w + 78 = 0, 3*u - 234 = -5*w. Let r = u + k. What is the tens digit of r?
3
Suppose 3*u = -5*r + 3640, 7*r - 12*r - 2*u = -3645. Suppose r - 49 = 11*j. What is the units digit of j?
2
Suppose -5*b - 49 = -l, -5*b + 3*l - 26 = 21. Let i be (-4)/b*(4 + 96). What is the units digit of (-3)/(-3 - (-117)/i)?
0
Suppose -3204 = 2*t - 8*t. What is the hundreds digit of t?
5
Let q = -6 - -56. What is the tens digit of 29/2 - (-25)/q?
1
Let k = -499 - -1314. What is the units digit of k?
5
Let d = 141 - 155. Let s = 115 + d. What is the hundreds digit of s?
1
Let f be (3 + 2 + -2)*1. Suppose -i + 55 = k + 4*k, 2*k + 3*i = 9. Suppose -4*h = -5*j - 141 - k, -j + f = 0. What is the units digit of h?
2
Suppose 6*z - 8*z + 22 = 0. Suppose -1392 - 181 = -z*o. What is the tens digit of o?
4
Suppose 0*p + 2*p - 8 = 0. Let a be ((-2)/p)/(8/(-1424)). Suppose 5*l = a + 1. What is the units digit of l?
8
Suppose 3*t - 154 - 2150 = -2*z, 0 = -2*z. What is the tens digit of t?
6
Let f = -14 - -18. Suppose -3*s = -6*o + 4*o - 6, -5*o = -f*s + 1. What is the units digit of o?
3
Let c(m) = -47*m - 114. What is the hundreds digit of c(-18)?
7
Suppose -p - 64 = p. Let v be -3 - 3*p/12. Suppose -165 = -3*g - g + v*w, 0 = 2*g - 2*w - 82. What is the tens digit of g?
4
Let g(p) = 23*p**2 - 12*p - 24. What is the tens digit of g(-4)?
9
Let z(f) = 52*f - 33. Let r(b) = -104*b + 65. Let w(s) = 6*r(s) + 11*z(s). What is the units digit of w(-4)?
5
Suppose 17*i = -2*i + 38779. What is the hundreds digit of i?
0
Let m = -18 - -24. What is the tens digit of (16/m)/((-2)/(-18))?
2
Suppose -26 = 3*j + 7. Let s(w) = -3*w + 7. Let n be s(j). What is the units digit of 30/n - 2/(-8)?
1
Suppose -24 = 3*c - 66. What is the tens digit of ((-144)/28)/((-1)/c)?
7
Suppose -4*n - 1 - 115 = 0. Let f(j) = j**2 + 21*j - 13. What is the hundreds digit of f(n)?
2
Suppose -l + 8 = 18. What is the units digit of (-2)/4 + 35/l*-7?
4
Let a(o) = -2*o**2 + o + 3. Let n be a(3). Let c = 1248 + -611. What is the tens digit of c/9 - n/54?
7
Let z(t) = -111*t**3 - 3. What is the hundreds digit of z(-3)?
9
Let s(f) = f**3 - 5*f**2 + 6*f + 3. Let l be s(5). Let j = 305 - 245. Let c = j - l. What is the tens digit of c?
2
Suppose -4*x = -4*r - 82 - 114, -x + 41 = -5*r. What is the 